{"id":127,"date":"2024-03-14T16:15:28","date_gmt":"2024-03-14T16:15:28","guid":{"rendered":"https:\/\/pascal-kapp.de\/rallye-ausstatter\/?post_type=product&#038;p=127"},"modified":"2024-09-04T07:43:46","modified_gmt":"2024-09-04T07:43:46","slug":"kontrollschilder","status":"publish","type":"product","link":"https:\/\/pascal-kapp.de\/rallye-ausstatter\/produkt\/kontrollschilder\/","title":{"rendered":"Kontrollschilder"},"content":{"rendered":"<p><a name=\"beschreibung\"><\/a>Sie sind die unersetzlichen Helfer jeder Rallye-Veranstaltung: die Kontrollschilder. Sie weisen die Teilnehmer auf spezielle Punkte w\u00e4hrend der Strecke hin (Stempelkontrollen o. \u00e4.) und markieren Start und Ende von Zeitnahmepr\u00fcfungen oder Lichtschranken. Die spezielle Anforderung ist dabei, dass sie leicht und platzsparend zu transportieren, zudem zeitsparend, selbsterkl\u00e4rend und unabh\u00e4ngig vom zur Verf\u00fcgung stehenden Einsatzort auf-\/abzubauen sein sollten und bei m\u00f6glichst allen Wetterbedingungen (Feuchtigkeit, Wind, etc.) einsatzf\u00e4hig sind. Unser KSS erf\u00fcllt all diese Kriterien in idealer Weise und hat sich auf \u00fcber 72 von uns durchgef\u00fchrten Rallyes bestens bew\u00e4hrt.<\/p>\n<ul>\n<li>4c-Direktdruck auf 500 g PVC-Plane, ca. 800 x 800 mm, Seiten geschnitten, unten 2 \u00d6sen \u00d8 ca. 20 mm; FIA-konforme Motive nach Wunsch (z. B. Stempel rot\/gelb, Uhr rot\/gelb, Fahne rot\/gelb, etc.); individuelle Sondermotive nach Beauftragung m\u00f6glich<\/li>\n<li>Vormontage: Montage des Drucks auf Querstrebe (Vierkantmassivholz ca. 800 x 55 x 25 mm) inkl. Verbindungsst\u00fcck zum Stativ<\/li>\n<li>Stativ: Gro\u00dfes, stabiles und dabei leichtes Aluminium Stativ mit 3D-Neiger, Arbeitsh\u00f6he 63 bis 168 cm, Gewicht nur 1.495 Gramm, sehr sicherer Stand durch stabile 29 mm Aluminium Stativbeine mit Mittels\u00e4ule und Lasthaken, exakte H\u00f6henverstellung durch Kurbel und pr\u00e4zises Feinschnittgewinde, eine Libelle am Stativstern, inkl. praktischer Transporttasche und Handy-Halter<\/li>\n<li>Beschwerungssack ca. 4 kg zu Stabilisierung des KSS (Abbildung \u00e4hnlich)<\/li>\n<\/ul>\n<p><a href=\"mailto:ausstatter@pascal-kapp.de\">Fragen Sie noch heute Ihren PREIS an.<\/a><br \/>\nGerne erstellen wir Ihnen ein individuelles Angebot.<\/p>\n<p><a href=\"https:\/\/pascal-kapp.de\/rallye-ausstatter\/shop-2\/\">Zur\u00fcck zur Produkt\u00fcbersicht<\/a><\/p>\n","protected":false},"excerpt":{"rendered":"<p><a name=\"beschreibung\"><\/a>Sie sind die unersetzlichen Helfer jeder Rallye-Veranstaltung: die Kontrollschilder. Sie weisen die Teilnehmer auf spezielle Punkte w\u00e4hrend der Strecke hin (Stempelkontrollen o. \u00e4.) und markieren Start und Ende von Zeitnahmepr\u00fcfungen oder Lichtschranken. Die spezielle Anforderung ist dabei, dass sie leicht und platzsparend zu transportieren, zudem zeitsparend, selbsterkl\u00e4rend und unabh\u00e4ngig vom zur Verf\u00fcgung stehenden Einsatzort auf-\/abzubauen sein sollten und bei m\u00f6glichst allen Wetterbedingungen (Feuchtigkeit, Wind, etc.) einsatzf\u00e4hig sind. Unser KSS erf\u00fcllt all diese Kriterien in idealer Weise und hat sich auf \u00fcber 65 von uns durchgef\u00fchrten Rallyes bestens bew\u00e4hrt.<\/p>\n<ul>\n<li>4c-Direktdruck auf 500 g PVC-Plane, ca. 800 x 800 mm, Seiten geschnitten, unten 2 \u00d6sen \u00d8 ca. 20 mm; FIA-konforme Motive nach Wunsch (z. B. Stempel rot\/gelb, Uhr rot\/gelb, Fahne rot\/gelb, etc.); individuelle Sondermotive nach Beauftragung m\u00f6glich<\/li>\n<li>Vormontage: Montage des Drucks auf Querstrebe (Vierkantmassivholz ca. 800 x 55 x 25 mm) inkl. Verbindungsst\u00fcck zum Stativ<\/li>\n<li>Stativ: Gro\u00dfes, stabiles und dabei leichtes Aluminium Stativ mit 3D-Neiger, Arbeitsh\u00f6he 63 bis 168 cm, Gewicht nur 1.495 Gramm, sehr sicherer Stand durch stabile 29 mm Aluminium Stativbeine mit Mittels\u00e4ule und Lasthaken, exakte H\u00f6henverstellung durch Kurbel und pr\u00e4zises Feinschnittgewinde, eine Libelle am Stativstern, inkl. praktischer Transporttasche und Handy-Halter<\/li>\n<li>Beschwerungssack ca. 4 kg zu Stabilisierung des KSS (Abbildung \u00e4hnlich)<\/li>\n<\/ul>\n<p><a href=\"mailto:ausstatter@pascal-kapp.de\">Fragen Sie noch heute Ihren PREIS an.<\/a><br \/>\nGerne erstellen wir Ihnen ein individuelles Angebot.<\/p>\n<p><a href=\"javascript:history.back()\">Zur\u00fcck<\/a><\/p>\n","protected":false},"featured_media":123,"template":"","meta":{"site-sidebar-layout":"default","site-content-layout":"","ast-site-content-layout":"default","site-content-style":"default","site-sidebar-style":"default","ast-global-header-display":"","ast-banner-title-visibility":"","ast-main-header-display":"","ast-hfb-above-header-display":"","ast-hfb-below-header-display":"","ast-hfb-mobile-header-display":"","site-post-title":"","ast-breadcrumbs-content":"","ast-featured-img":"","footer-sml-layout":"","theme-transparent-header-meta":"default","adv-header-id-meta":"","stick-header-meta":"","header-above-stick-meta":"","header-main-stick-meta":"","header-below-stick-meta":"","astra-migrate-meta-layouts":"set","ast-page-background-enabled":"default","ast-page-background-meta":{"desktop":{"background-color":"var(--ast-global-color-4)","background-image":"","background-repeat":"repeat","background-position":"center center","background-size":"auto","background-attachment":"scroll","background-type":"","background-media":"","overlay-type":"","overlay-color":"","overlay-opacity":"","overlay-gradient":""},"tablet":{"background-color":"","background-image":"","background-repeat":"repeat","background-position":"center center","background-size":"auto","background-attachment":"scroll","background-type":"","background-media":"","overlay-type":"","overlay-color":"","overlay-opacity":"","overlay-gradient":""},"mobile":{"background-color":"","background-image":"","background-repeat":"repeat","background-position":"center center","background-size":"auto","background-attachment":"scroll","background-type":"","background-media":"","overlay-type":"","overlay-color":"","overlay-opacity":"","overlay-gradient":""}},"ast-content-background-meta":{"desktop":{"background-color":"var(--ast-global-color-5)","background-image":"","background-repeat":"repeat","background-position":"center center","background-size":"auto","background-attachment":"scroll","background-type":"","background-media":"","overlay-type":"","overlay-color":"","overlay-opacity":"","overlay-gradient":""},"tablet":{"background-color":"var(--ast-global-color-5)","background-image":"","background-repeat":"repeat","background-position":"center center","background-size":"auto","background-attachment":"scroll","background-type":"","background-media":"","overlay-type":"","overlay-color":"","overlay-opacity":"","overlay-gradient":""},"mobile":{"background-color":"var(--ast-global-color-5)","background-image":"","background-repeat":"repeat","background-position":"center center","background-size":"auto","background-attachment":"scroll","background-type":"","background-media":"","overlay-type":"","overlay-color":"","overlay-opacity":"","overlay-gradient":""}}},"product_brand":[],"product_cat":[19],"product_tag":[],"class_list":{"0":"post-127","1":"product","2":"type-product","3":"status-publish","4":"has-post-thumbnail","6":"product_cat-produkte","7":"desktop-align-left","8":"tablet-align-left","9":"mobile-align-left","11":"first","12":"instock","13":"shipping-taxable","14":"product-type-simple"},"yoast_head":"<!-- This site is optimized with the Yoast SEO plugin v27.6 - https:\/\/yoast.com\/product\/yoast-seo-wordpress\/ -->\n<title>Kontrollschilder - Rallye-Ausstatter<\/title>\n<meta name=\"robots\" content=\"noindex, follow, max-snippet:-1, max-image-preview:large, max-video-preview:-1\" \/>\n<meta property=\"og:locale\" content=\"de_DE\" \/>\n<meta property=\"og:type\" content=\"article\" \/>\n<meta property=\"og:title\" content=\"Kontrollschilder - Rallye-Ausstatter\" \/>\n<meta property=\"og:description\" content=\"Sie sind die unersetzlichen Helfer jeder Rallye-Veranstaltung: die Kontrollschilder. Sie weisen die Teilnehmer auf spezielle Punkte w\u00e4hrend der Strecke hin (Stempelkontrollen o. \u00e4.) und markieren Start und Ende von Zeitnahmepr\u00fcfungen oder Lichtschranken. Die spezielle Anforderung ist dabei, dass sie leicht und platzsparend zu transportieren, zudem zeitsparend, selbsterkl\u00e4rend und unabh\u00e4ngig vom zur Verf\u00fcgung stehenden Einsatzort auf-\/abzubauen sein sollten und bei m\u00f6glichst allen Wetterbedingungen (Feuchtigkeit, Wind, etc.) einsatzf\u00e4hig sind. Unser KSS erf\u00fcllt all diese Kriterien in idealer Weise und hat sich auf \u00fcber 65 von uns durchgef\u00fchrten Rallyes bestens bew\u00e4hrt.   4c-Direktdruck auf 500 g PVC-Plane, ca. 800 x 800 mm, Seiten geschnitten, unten 2 \u00d6sen \u00d8 ca. 20 mm; FIA-konforme Motive nach Wunsch (z. B. Stempel rot\/gelb, Uhr rot\/gelb, Fahne rot\/gelb, etc.); individuelle Sondermotive nach Beauftragung m\u00f6glich  Vormontage: Montage des Drucks auf Querstrebe (Vierkantmassivholz ca. 800 x 55 x 25 mm) inkl. Verbindungsst\u00fcck zum Stativ  Stativ: Gro\u00dfes, stabiles und dabei leichtes Aluminium Stativ mit 3D-Neiger, Arbeitsh\u00f6he 63 bis 168 cm, Gewicht nur 1.495 Gramm, sehr sicherer Stand durch stabile 29 mm Aluminium Stativbeine mit Mittels\u00e4ule und Lasthaken, exakte H\u00f6henverstellung durch Kurbel und pr\u00e4zises Feinschnittgewinde, eine Libelle am Stativstern, inkl. praktischer Transporttasche und Handy-Halter  Beschwerungssack ca. 4 kg zu Stabilisierung des KSS (Abbildung \u00e4hnlich)  Fragen Sie noch heute Ihren PREIS an. Gerne erstellen wir Ihnen ein individuelles Angebot.  Zur\u00fcck\" \/>\n<meta property=\"og:url\" content=\"https:\/\/pascal-kapp.de\/rallye-ausstatter\/produkt\/kontrollschilder\/\" \/>\n<meta property=\"og:site_name\" content=\"Rallye-Ausstatter\" \/>\n<meta property=\"article:modified_time\" content=\"2024-09-04T07:43:46+00:00\" \/>\n<meta property=\"og:image\" content=\"https:\/\/pascal-kapp.de\/rallye-ausstatter\/wp-content\/uploads\/2024\/02\/kss_03_585x400.jpg\" \/>\n\t<meta property=\"og:image:width\" content=\"585\" \/>\n\t<meta property=\"og:image:height\" content=\"400\" \/>\n\t<meta property=\"og:image:type\" content=\"image\/jpeg\" \/>\n<meta name=\"twitter:card\" content=\"summary_large_image\" \/>\n<meta name=\"twitter:label1\" content=\"Gesch\u00e4tzte Lesezeit\" \/>\n\t<meta name=\"twitter:data1\" content=\"2\u00a0Minuten\" \/>\n<script type=\"application\/ld+json\" class=\"yoast-schema-graph\">{\"@context\":\"https:\\\/\\\/schema.org\",\"@graph\":[{\"@type\":\"WebPage\",\"@id\":\"https:\\\/\\\/pascal-kapp.de\\\/rallye-ausstatter\\\/produkt\\\/kontrollschilder\\\/\",\"url\":\"https:\\\/\\\/pascal-kapp.de\\\/rallye-ausstatter\\\/produkt\\\/kontrollschilder\\\/\",\"name\":\"Kontrollschilder - Rallye-Ausstatter\",\"isPartOf\":{\"@id\":\"https:\\\/\\\/pascal-kapp.de\\\/rallye-ausstatter\\\/#website\"},\"primaryImageOfPage\":{\"@id\":\"https:\\\/\\\/pascal-kapp.de\\\/rallye-ausstatter\\\/produkt\\\/kontrollschilder\\\/#primaryimage\"},\"image\":{\"@id\":\"https:\\\/\\\/pascal-kapp.de\\\/rallye-ausstatter\\\/produkt\\\/kontrollschilder\\\/#primaryimage\"},\"thumbnailUrl\":\"https:\\\/\\\/pascal-kapp.de\\\/rallye-ausstatter\\\/wp-content\\\/uploads\\\/2024\\\/02\\\/kss_03_585x400.jpg\",\"datePublished\":\"2024-03-14T16:15:28+00:00\",\"dateModified\":\"2024-09-04T07:43:46+00:00\",\"breadcrumb\":{\"@id\":\"https:\\\/\\\/pascal-kapp.de\\\/rallye-ausstatter\\\/produkt\\\/kontrollschilder\\\/#breadcrumb\"},\"inLanguage\":\"de\",\"potentialAction\":[{\"@type\":\"ReadAction\",\"target\":[\"https:\\\/\\\/pascal-kapp.de\\\/rallye-ausstatter\\\/produkt\\\/kontrollschilder\\\/\"]}]},{\"@type\":\"ImageObject\",\"inLanguage\":\"de\",\"@id\":\"https:\\\/\\\/pascal-kapp.de\\\/rallye-ausstatter\\\/produkt\\\/kontrollschilder\\\/#primaryimage\",\"url\":\"https:\\\/\\\/pascal-kapp.de\\\/rallye-ausstatter\\\/wp-content\\\/uploads\\\/2024\\\/02\\\/kss_03_585x400.jpg\",\"contentUrl\":\"https:\\\/\\\/pascal-kapp.de\\\/rallye-ausstatter\\\/wp-content\\\/uploads\\\/2024\\\/02\\\/kss_03_585x400.jpg\",\"width\":585,\"height\":400},{\"@type\":\"BreadcrumbList\",\"@id\":\"https:\\\/\\\/pascal-kapp.de\\\/rallye-ausstatter\\\/produkt\\\/kontrollschilder\\\/#breadcrumb\",\"itemListElement\":[{\"@type\":\"ListItem\",\"position\":1,\"name\":\"Startseite\",\"item\":\"https:\\\/\\\/pascal-kapp.de\\\/rallye-ausstatter\\\/\"},{\"@type\":\"ListItem\",\"position\":2,\"name\":\"Shop\",\"item\":\"https:\\\/\\\/pascal-kapp.de\\\/rallye-ausstatter\\\/shop-2\\\/\"},{\"@type\":\"ListItem\",\"position\":3,\"name\":\"Kontrollschilder\"}]},{\"@type\":\"WebSite\",\"@id\":\"https:\\\/\\\/pascal-kapp.de\\\/rallye-ausstatter\\\/#website\",\"url\":\"https:\\\/\\\/pascal-kapp.de\\\/rallye-ausstatter\\\/\",\"name\":\"Rallye-Ausstatter\",\"description\":\"\",\"publisher\":{\"@id\":\"https:\\\/\\\/pascal-kapp.de\\\/rallye-ausstatter\\\/#organization\"},\"potentialAction\":[{\"@type\":\"SearchAction\",\"target\":{\"@type\":\"EntryPoint\",\"urlTemplate\":\"https:\\\/\\\/pascal-kapp.de\\\/rallye-ausstatter\\\/?s={search_term_string}\"},\"query-input\":{\"@type\":\"PropertyValueSpecification\",\"valueRequired\":true,\"valueName\":\"search_term_string\"}}],\"inLanguage\":\"de\"},{\"@type\":\"Organization\",\"@id\":\"https:\\\/\\\/pascal-kapp.de\\\/rallye-ausstatter\\\/#organization\",\"name\":\"Rallye-Ausstatter\",\"url\":\"https:\\\/\\\/pascal-kapp.de\\\/rallye-ausstatter\\\/\",\"logo\":{\"@type\":\"ImageObject\",\"inLanguage\":\"de\",\"@id\":\"https:\\\/\\\/pascal-kapp.de\\\/rallye-ausstatter\\\/#\\\/schema\\\/logo\\\/image\\\/\",\"url\":\"https:\\\/\\\/pascal-kapp.de\\\/rallye-ausstatter\\\/wp-content\\\/uploads\\\/2024\\\/03\\\/logo_mail_abbinder.png\",\"contentUrl\":\"https:\\\/\\\/pascal-kapp.de\\\/rallye-ausstatter\\\/wp-content\\\/uploads\\\/2024\\\/03\\\/logo_mail_abbinder.png\",\"width\":369,\"height\":85,\"caption\":\"Rallye-Ausstatter\"},\"image\":{\"@id\":\"https:\\\/\\\/pascal-kapp.de\\\/rallye-ausstatter\\\/#\\\/schema\\\/logo\\\/image\\\/\"}}]}<\/script>\n<!-- \/ Yoast SEO plugin. -->","yoast_head_json":{"title":"Kontrollschilder - Rallye-Ausstatter","robots":{"index":"noindex","follow":"follow","max-snippet":"max-snippet:-1","max-image-preview":"max-image-preview:large","max-video-preview":"max-video-preview:-1"},"og_locale":"de_DE","og_type":"article","og_title":"Kontrollschilder - Rallye-Ausstatter","og_description":"Sie sind die unersetzlichen Helfer jeder Rallye-Veranstaltung: die Kontrollschilder. Sie weisen die Teilnehmer auf spezielle Punkte w\u00e4hrend der Strecke hin (Stempelkontrollen o. \u00e4.) und markieren Start und Ende von Zeitnahmepr\u00fcfungen oder Lichtschranken. Die spezielle Anforderung ist dabei, dass sie leicht und platzsparend zu transportieren, zudem zeitsparend, selbsterkl\u00e4rend und unabh\u00e4ngig vom zur Verf\u00fcgung stehenden Einsatzort auf-\/abzubauen sein sollten und bei m\u00f6glichst allen Wetterbedingungen (Feuchtigkeit, Wind, etc.) einsatzf\u00e4hig sind. Unser KSS erf\u00fcllt all diese Kriterien in idealer Weise und hat sich auf \u00fcber 65 von uns durchgef\u00fchrten Rallyes bestens bew\u00e4hrt.   4c-Direktdruck auf 500 g PVC-Plane, ca. 800 x 800 mm, Seiten geschnitten, unten 2 \u00d6sen \u00d8 ca. 20 mm; FIA-konforme Motive nach Wunsch (z. B. Stempel rot\/gelb, Uhr rot\/gelb, Fahne rot\/gelb, etc.); individuelle Sondermotive nach Beauftragung m\u00f6glich  Vormontage: Montage des Drucks auf Querstrebe (Vierkantmassivholz ca. 800 x 55 x 25 mm) inkl. Verbindungsst\u00fcck zum Stativ  Stativ: Gro\u00dfes, stabiles und dabei leichtes Aluminium Stativ mit 3D-Neiger, Arbeitsh\u00f6he 63 bis 168 cm, Gewicht nur 1.495 Gramm, sehr sicherer Stand durch stabile 29 mm Aluminium Stativbeine mit Mittels\u00e4ule und Lasthaken, exakte H\u00f6henverstellung durch Kurbel und pr\u00e4zises Feinschnittgewinde, eine Libelle am Stativstern, inkl. praktischer Transporttasche und Handy-Halter  Beschwerungssack ca. 4 kg zu Stabilisierung des KSS (Abbildung \u00e4hnlich)  Fragen Sie noch heute Ihren PREIS an. Gerne erstellen wir Ihnen ein individuelles Angebot.  Zur\u00fcck","og_url":"https:\/\/pascal-kapp.de\/rallye-ausstatter\/produkt\/kontrollschilder\/","og_site_name":"Rallye-Ausstatter","article_modified_time":"2024-09-04T07:43:46+00:00","og_image":[{"width":585,"height":400,"url":"https:\/\/pascal-kapp.de\/rallye-ausstatter\/wp-content\/uploads\/2024\/02\/kss_03_585x400.jpg","type":"image\/jpeg"}],"twitter_card":"summary_large_image","twitter_misc":{"Gesch\u00e4tzte Lesezeit":"2\u00a0Minuten"},"schema":{"@context":"https:\/\/schema.org","@graph":[{"@type":"WebPage","@id":"https:\/\/pascal-kapp.de\/rallye-ausstatter\/produkt\/kontrollschilder\/","url":"https:\/\/pascal-kapp.de\/rallye-ausstatter\/produkt\/kontrollschilder\/","name":"Kontrollschilder - Rallye-Ausstatter","isPartOf":{"@id":"https:\/\/pascal-kapp.de\/rallye-ausstatter\/#website"},"primaryImageOfPage":{"@id":"https:\/\/pascal-kapp.de\/rallye-ausstatter\/produkt\/kontrollschilder\/#primaryimage"},"image":{"@id":"https:\/\/pascal-kapp.de\/rallye-ausstatter\/produkt\/kontrollschilder\/#primaryimage"},"thumbnailUrl":"https:\/\/pascal-kapp.de\/rallye-ausstatter\/wp-content\/uploads\/2024\/02\/kss_03_585x400.jpg","datePublished":"2024-03-14T16:15:28+00:00","dateModified":"2024-09-04T07:43:46+00:00","breadcrumb":{"@id":"https:\/\/pascal-kapp.de\/rallye-ausstatter\/produkt\/kontrollschilder\/#breadcrumb"},"inLanguage":"de","potentialAction":[{"@type":"ReadAction","target":["https:\/\/pascal-kapp.de\/rallye-ausstatter\/produkt\/kontrollschilder\/"]}]},{"@type":"ImageObject","inLanguage":"de","@id":"https:\/\/pascal-kapp.de\/rallye-ausstatter\/produkt\/kontrollschilder\/#primaryimage","url":"https:\/\/pascal-kapp.de\/rallye-ausstatter\/wp-content\/uploads\/2024\/02\/kss_03_585x400.jpg","contentUrl":"https:\/\/pascal-kapp.de\/rallye-ausstatter\/wp-content\/uploads\/2024\/02\/kss_03_585x400.jpg","width":585,"height":400},{"@type":"BreadcrumbList","@id":"https:\/\/pascal-kapp.de\/rallye-ausstatter\/produkt\/kontrollschilder\/#breadcrumb","itemListElement":[{"@type":"ListItem","position":1,"name":"Startseite","item":"https:\/\/pascal-kapp.de\/rallye-ausstatter\/"},{"@type":"ListItem","position":2,"name":"Shop","item":"https:\/\/pascal-kapp.de\/rallye-ausstatter\/shop-2\/"},{"@type":"ListItem","position":3,"name":"Kontrollschilder"}]},{"@type":"WebSite","@id":"https:\/\/pascal-kapp.de\/rallye-ausstatter\/#website","url":"https:\/\/pascal-kapp.de\/rallye-ausstatter\/","name":"Rallye-Ausstatter","description":"","publisher":{"@id":"https:\/\/pascal-kapp.de\/rallye-ausstatter\/#organization"},"potentialAction":[{"@type":"SearchAction","target":{"@type":"EntryPoint","urlTemplate":"https:\/\/pascal-kapp.de\/rallye-ausstatter\/?s={search_term_string}"},"query-input":{"@type":"PropertyValueSpecification","valueRequired":true,"valueName":"search_term_string"}}],"inLanguage":"de"},{"@type":"Organization","@id":"https:\/\/pascal-kapp.de\/rallye-ausstatter\/#organization","name":"Rallye-Ausstatter","url":"https:\/\/pascal-kapp.de\/rallye-ausstatter\/","logo":{"@type":"ImageObject","inLanguage":"de","@id":"https:\/\/pascal-kapp.de\/rallye-ausstatter\/#\/schema\/logo\/image\/","url":"https:\/\/pascal-kapp.de\/rallye-ausstatter\/wp-content\/uploads\/2024\/03\/logo_mail_abbinder.png","contentUrl":"https:\/\/pascal-kapp.de\/rallye-ausstatter\/wp-content\/uploads\/2024\/03\/logo_mail_abbinder.png","width":369,"height":85,"caption":"Rallye-Ausstatter"},"image":{"@id":"https:\/\/pascal-kapp.de\/rallye-ausstatter\/#\/schema\/logo\/image\/"}}]}},"_links":{"self":[{"href":"https:\/\/pascal-kapp.de\/rallye-ausstatter\/wp-json\/wp\/v2\/product\/127","targetHints":{"allow":["GET"]}}],"collection":[{"href":"https:\/\/pascal-kapp.de\/rallye-ausstatter\/wp-json\/wp\/v2\/product"}],"about":[{"href":"https:\/\/pascal-kapp.de\/rallye-ausstatter\/wp-json\/wp\/v2\/types\/product"}],"wp:featuredmedia":[{"embeddable":true,"href":"https:\/\/pascal-kapp.de\/rallye-ausstatter\/wp-json\/wp\/v2\/media\/123"}],"wp:attachment":[{"href":"https:\/\/pascal-kapp.de\/rallye-ausstatter\/wp-json\/wp\/v2\/media?parent=127"}],"wp:term":[{"taxonomy":"product_brand","embeddable":true,"href":"https:\/\/pascal-kapp.de\/rallye-ausstatter\/wp-json\/wp\/v2\/product_brand?post=127"},{"taxonomy":"product_cat","embeddable":true,"href":"https:\/\/pascal-kapp.de\/rallye-ausstatter\/wp-json\/wp\/v2\/product_cat?post=127"},{"taxonomy":"product_tag","embeddable":true,"href":"https:\/\/pascal-kapp.de\/rallye-ausstatter\/wp-json\/wp\/v2\/product_tag?post=127"}],"curies":[{"name":"wp","href":"https:\/\/api.w.org\/{rel}","templated":true}]}}