{"id":162,"date":"2024-03-14T16:24:16","date_gmt":"2024-03-14T16:24:16","guid":{"rendered":"https:\/\/pascal-kapp.de\/rallye-ausstatter\/?post_type=product&#038;p=162"},"modified":"2024-09-04T07:50:59","modified_gmt":"2024-09-04T07:50:59","slug":"roadbook","status":"publish","type":"product","link":"https:\/\/pascal-kapp.de\/rallye-ausstatter\/produkt\/roadbook\/","title":{"rendered":"Roadbook"},"content":{"rendered":"<p><a name=\"beschreibung\"><\/a>Das ist im wahrsten Sinne des Wortes wegweisend: das Roadbook. Grob gesprochen enth\u00e4lt das Roadbook die komplette Strecke der zu bew\u00e4ltigenden Rallye inklusive Kilometer- bzw. Meilen-Angaben, Richtungshinweisen und zu erledigenden Sonderaufgaben bzw. Pr\u00fcfungen \u2013 eine Art analoges Navi.<\/p>\n<ul>\n<li>Format: DIN A4<\/li>\n<li>Material Deckblatt: Klarsichtfolie<\/li>\n<li>Titelblatt: 4\/0-farbig bedruckt<\/li>\n<li>Roadbookseiten: 1\/0-farbig bedruckt<\/li>\n<li>Material R\u00fcckkarton: ledergenarbt schwarz<\/li>\n<li>Bindung: Plastikspiralbindung<\/li>\n<li>Farbe Plastikspirale: schwarz<\/li>\n<li>Papierart: Kopierpapier 80 g\/m\u00b2<\/li>\n<li>Auflage: ab 1 St\u00fcck erh\u00e4ltlich<\/li>\n<\/ul>\n<p>Weitere Produkteigenschaften:<br \/>\nWie viel und welche\u00a0Informationen im\u00a0Roadbook stehen h\u00e4ngt zu einem gewissen Grad davon ab, welche Infos der Fahrer w\u00e4hrend der Fahrt \u00fcber die Streckenf\u00fchrung erhalten soll.m Um diese genaue Routenbeschreibung in Form eines Roadbook erstellen zu k\u00f6nnen muss die Strecke im Vorfeld mehrmals abgefahren und alle wichtigen Punkte im Streckenplan verzeichnet werden.<br \/>\nMit dieser Aufzeichnung erh\u00e4lt man einen genauen Zeitplan, der bereits w\u00e4hrend der Rallye die M\u00f6glichkeit zur Kontrolle der eigenen Leistung bietet.<br \/>\nEin gutes Roadbook darf bei keiner Oldtimer Rallye, Bergrennen oder einer anderen Rennstrecke fehlen und ist genauso wichtig wie der Fahrer oder das Fahrzeug.<\/p>\n<p>Unsere Leistung<br \/>\nWir besprechen mit Ihnen den groben Streckenverlauf, die gew\u00fcnschten Sonderpr\u00fcfungen und Stationen. Und dann k\u00f6nnen Sie sich entspannt zur\u00fccklehnen, w\u00e4hrend unsere Profis die Strecke abfahren, ausmessen, vermessen, zusammenstellen und zu Papier bringen.<\/p>\n<p>In der Regel enth\u00e4lt das Roadbook folgende Routeninformationen: &#8211; Gesamtstrecke (in mls und km) &#8211; Kurven &#8211; Richtungen &#8211; Ortsschilder &#8211; sonstige Schilder (Vorfahrt achten, etc.) &#8211; sonstige Informationen<\/p>\n<p><a href=\"mailto:ausstatter@pascal-kapp.de\">Fragen Sie noch heute Ihren PREIS an.<\/a><br \/>\nGerne erstellen wir Ihnen ein individuelles Angebot.<\/p>\n<p><a href=\"https:\/\/pascal-kapp.de\/rallye-ausstatter\/shop-2\/\">Zur\u00fcck zur Produkt\u00fcbersicht<\/a><\/p>\n","protected":false},"excerpt":{"rendered":"<p><a name=\"beschreibung\"><\/a>Das ist im wahrsten Sinne des Wortes wegweisend: das Roadbook. Grob gesprochen enth\u00e4lt das Roadbook die komplette Strecke der zu bew\u00e4ltigenden Rallye inklusive Kilometer- bzw. Meilen-Angaben, Richtungshinweisen und zu erledigenden Sonderaufgaben bzw. Pr\u00fcfungen \u2013 eine Art analoges Navi.<\/p>\n<ul>\n<li>Format: DIN A4<\/li>\n<li>Material Deckblatt: Klarsichtfolie<\/li>\n<li>Titelblatt: 4\/0-farbig bedruckt<\/li>\n<li>Roadbookseiten: 1\/0-farbig bedruckt<\/li>\n<li>Material R\u00fcckkarton: ledergenarbt schwarz<\/li>\n<li>Bindung: Plastikspiralbindung<\/li>\n<li>Farbe Plastikspirale: schwarz<\/li>\n<li>Papierart: Kopierpapier 80 g\/m\u00b2<\/li>\n<li>Auflage: ab 1 St\u00fcck erh\u00e4ltlich<\/li>\n<\/ul>\n<p>Wie viel und welche\u00a0Informationen im\u00a0Roadbook stehen h\u00e4ngt zu einem gewissen Grad davon ab, welche Infos der Fahrer w\u00e4hrend der Fahrt \u00fcber die Streckenf\u00fchrung erhalten soll. Um diese genaue Routenbeschreibung in Form eines Roadbook erstellen zu k\u00f6nnen muss die Strecke im Vorfeld mehrmals abgefahren und alle wichtigen Punkte im Streckenplan verzeichnet werden.<br \/>\nMit dieser Aufzeichnung erh\u00e4lt man einen genauen Zeitplan, der bereits w\u00e4hrend der Rallye die M\u00f6glichkeit zur Kontrolle der eigenen Leistung bietet.<br \/>\nEin gutes Roadbook darf bei keiner Oldtimer Rallye, Bergrennen oder einer anderen Rennstrecke fehlen und ist genauso wichtig wie der Fahrer oder das Fahrzeug.<\/p>\n<p>Unsere Leistung<br \/>\nWir besprechen mit Ihnen den groben Streckenverlauf, die gew\u00fcnschten Sonderpr\u00fcfungen und Stationen. Und dann k\u00f6nnen Sie sich entspannt zur\u00fccklehnen, w\u00e4hrend unsere Profis die Strecke abfahren, ausmessen, vermessen, zusammenstellen und zu Papier bringen.<\/p>\n<p>In der Regel enth\u00e4lt das Roadbook folgende Routeninformationen: &#8211; Gesamtstrecke (in mls und km) &#8211; Kurven &#8211; Richtungen &#8211; Ortsschilder &#8211; sonstige Schilder (Vorfahrt achten, etc.) &#8211; sonstige Informationen<\/p>\n<p><a href=\"mailto:ausstatter@pascal-kapp.de\">Fragen Sie noch heute Ihren PREIS an.<\/a><br \/>\nGerne erstellen wir Ihnen ein individuelles Angebot.<\/p>\n<p><a href=\"javascript:history.back()\">Zur\u00fcck<\/a><\/p>\n","protected":false},"featured_media":1142,"template":"","meta":{"site-sidebar-layout":"default","site-content-layout":"","ast-site-content-layout":"default","site-content-style":"default","site-sidebar-style":"default","ast-global-header-display":"","ast-banner-title-visibility":"","ast-main-header-display":"","ast-hfb-above-header-display":"","ast-hfb-below-header-display":"","ast-hfb-mobile-header-display":"","site-post-title":"","ast-breadcrumbs-content":"","ast-featured-img":"","footer-sml-layout":"","theme-transparent-header-meta":"default","adv-header-id-meta":"","stick-header-meta":"","header-above-stick-meta":"","header-main-stick-meta":"","header-below-stick-meta":"","astra-migrate-meta-layouts":"set","ast-page-background-enabled":"default","ast-page-background-meta":{"desktop":{"background-color":"var(--ast-global-color-4)","background-image":"","background-repeat":"repeat","background-position":"center center","background-size":"auto","background-attachment":"scroll","background-type":"","background-media":"","overlay-type":"","overlay-color":"","overlay-opacity":"","overlay-gradient":""},"tablet":{"background-color":"","background-image":"","background-repeat":"repeat","background-position":"center center","background-size":"auto","background-attachment":"scroll","background-type":"","background-media":"","overlay-type":"","overlay-color":"","overlay-opacity":"","overlay-gradient":""},"mobile":{"background-color":"","background-image":"","background-repeat":"repeat","background-position":"center center","background-size":"auto","background-attachment":"scroll","background-type":"","background-media":"","overlay-type":"","overlay-color":"","overlay-opacity":"","overlay-gradient":""}},"ast-content-background-meta":{"desktop":{"background-color":"var(--ast-global-color-5)","background-image":"","background-repeat":"repeat","background-position":"center center","background-size":"auto","background-attachment":"scroll","background-type":"","background-media":"","overlay-type":"","overlay-color":"","overlay-opacity":"","overlay-gradient":""},"tablet":{"background-color":"var(--ast-global-color-5)","background-image":"","background-repeat":"repeat","background-position":"center center","background-size":"auto","background-attachment":"scroll","background-type":"","background-media":"","overlay-type":"","overlay-color":"","overlay-opacity":"","overlay-gradient":""},"mobile":{"background-color":"var(--ast-global-color-5)","background-image":"","background-repeat":"repeat","background-position":"center center","background-size":"auto","background-attachment":"scroll","background-type":"","background-media":"","overlay-type":"","overlay-color":"","overlay-opacity":"","overlay-gradient":""}}},"product_brand":[],"product_cat":[19,43],"product_tag":[],"class_list":{"0":"post-162","1":"product","2":"type-product","3":"status-publish","4":"has-post-thumbnail","6":"product_cat-produkte","7":"product_cat-roadbook","8":"desktop-align-left","9":"tablet-align-left","10":"mobile-align-left","12":"first","13":"instock","14":"shipping-taxable","15":"product-type-simple"},"yoast_head":"<!-- This site is optimized with the Yoast SEO plugin v27.5 - https:\/\/yoast.com\/product\/yoast-seo-wordpress\/ -->\n<title>Roadbook - Rallye-Ausstatter<\/title>\n<meta name=\"robots\" content=\"noindex, follow, max-snippet:-1, max-image-preview:large, max-video-preview:-1\" \/>\n<meta property=\"og:locale\" content=\"de_DE\" \/>\n<meta property=\"og:type\" content=\"article\" \/>\n<meta property=\"og:title\" content=\"Roadbook - Rallye-Ausstatter\" \/>\n<meta property=\"og:description\" content=\"Das ist im wahrsten Sinne des Wortes wegweisend: das Roadbook. Grob gesprochen enth\u00e4lt das Roadbook die komplette Strecke der zu bew\u00e4ltigenden Rallye inklusive Kilometer- bzw. Meilen-Angaben, Richtungshinweisen und zu erledigenden Sonderaufgaben bzw. Pr\u00fcfungen \u2013 eine Art analoges Navi.   Format: DIN A4  Material Deckblatt: Klarsichtfolie  Titelblatt: 4\/0-farbig bedruckt  Roadbookseiten: 1\/0-farbig bedruckt  Material R\u00fcckkarton: ledergenarbt schwarz  Bindung: Plastikspiralbindung  Farbe Plastikspirale: schwarz  Papierart: Kopierpapier 80 g\/m\u00b2  Auflage: ab 1 St\u00fcck erh\u00e4ltlich  Wie viel und welche\u00a0Informationen im\u00a0Roadbook stehen h\u00e4ngt zu einem gewissen Grad davon ab, welche Infos der Fahrer w\u00e4hrend der Fahrt \u00fcber die Streckenf\u00fchrung erhalten soll. Um diese genaue Routenbeschreibung in Form eines Roadbook erstellen zu k\u00f6nnen muss die Strecke im Vorfeld mehrmals abgefahren und alle wichtigen Punkte im Streckenplan verzeichnet werden. Mit dieser Aufzeichnung erh\u00e4lt man einen genauen Zeitplan, der bereits w\u00e4hrend der Rallye die M\u00f6glichkeit zur Kontrolle der eigenen Leistung bietet. Ein gutes Roadbook darf bei keiner Oldtimer Rallye, Bergrennen oder einer anderen Rennstrecke fehlen und ist genauso wichtig wie der Fahrer oder das Fahrzeug.  Unsere Leistung Wir besprechen mit Ihnen den groben Streckenverlauf, die gew\u00fcnschten Sonderpr\u00fcfungen und Stationen. Und dann k\u00f6nnen Sie sich entspannt zur\u00fccklehnen, w\u00e4hrend unsere Profis die Strecke abfahren, ausmessen, vermessen, zusammenstellen und zu Papier bringen.  In der Regel enth\u00e4lt das Roadbook folgende Routeninformationen: - Gesamtstrecke (in mls und km) - Kurven - Richtungen - Ortsschilder - sonstige Schilder (Vorfahrt achten, etc.) - sonstige Informationen  Fragen Sie noch heute Ihren PREIS an. Gerne erstellen wir Ihnen ein individuelles Angebot.  Zur\u00fcck\" \/>\n<meta property=\"og:url\" content=\"https:\/\/pascal-kapp.de\/rallye-ausstatter\/produkt\/roadbook\/\" \/>\n<meta property=\"og:site_name\" content=\"Rallye-Ausstatter\" \/>\n<meta property=\"article:modified_time\" content=\"2024-09-04T07:50:59+00:00\" \/>\n<meta property=\"og:image\" content=\"https:\/\/pascal-kapp.de\/rallye-ausstatter\/wp-content\/uploads\/2024\/04\/10-s-23_585x400.png\" \/>\n\t<meta property=\"og:image:width\" content=\"585\" \/>\n\t<meta property=\"og:image:height\" content=\"400\" \/>\n\t<meta property=\"og:image:type\" content=\"image\/png\" \/>\n<meta name=\"twitter:card\" content=\"summary_large_image\" \/>\n<meta name=\"twitter:label1\" content=\"Gesch\u00e4tzte Lesezeit\" \/>\n\t<meta name=\"twitter:data1\" content=\"2\u00a0Minuten\" \/>\n<script type=\"application\/ld+json\" class=\"yoast-schema-graph\">{\"@context\":\"https:\\\/\\\/schema.org\",\"@graph\":[{\"@type\":\"WebPage\",\"@id\":\"https:\\\/\\\/pascal-kapp.de\\\/rallye-ausstatter\\\/produkt\\\/roadbook\\\/\",\"url\":\"https:\\\/\\\/pascal-kapp.de\\\/rallye-ausstatter\\\/produkt\\\/roadbook\\\/\",\"name\":\"Roadbook - Rallye-Ausstatter\",\"isPartOf\":{\"@id\":\"https:\\\/\\\/pascal-kapp.de\\\/rallye-ausstatter\\\/#website\"},\"primaryImageOfPage\":{\"@id\":\"https:\\\/\\\/pascal-kapp.de\\\/rallye-ausstatter\\\/produkt\\\/roadbook\\\/#primaryimage\"},\"image\":{\"@id\":\"https:\\\/\\\/pascal-kapp.de\\\/rallye-ausstatter\\\/produkt\\\/roadbook\\\/#primaryimage\"},\"thumbnailUrl\":\"https:\\\/\\\/pascal-kapp.de\\\/rallye-ausstatter\\\/wp-content\\\/uploads\\\/2024\\\/04\\\/10-s-23_585x400.png\",\"datePublished\":\"2024-03-14T16:24:16+00:00\",\"dateModified\":\"2024-09-04T07:50:59+00:00\",\"breadcrumb\":{\"@id\":\"https:\\\/\\\/pascal-kapp.de\\\/rallye-ausstatter\\\/produkt\\\/roadbook\\\/#breadcrumb\"},\"inLanguage\":\"de\",\"potentialAction\":[{\"@type\":\"ReadAction\",\"target\":[\"https:\\\/\\\/pascal-kapp.de\\\/rallye-ausstatter\\\/produkt\\\/roadbook\\\/\"]}]},{\"@type\":\"ImageObject\",\"inLanguage\":\"de\",\"@id\":\"https:\\\/\\\/pascal-kapp.de\\\/rallye-ausstatter\\\/produkt\\\/roadbook\\\/#primaryimage\",\"url\":\"https:\\\/\\\/pascal-kapp.de\\\/rallye-ausstatter\\\/wp-content\\\/uploads\\\/2024\\\/04\\\/10-s-23_585x400.png\",\"contentUrl\":\"https:\\\/\\\/pascal-kapp.de\\\/rallye-ausstatter\\\/wp-content\\\/uploads\\\/2024\\\/04\\\/10-s-23_585x400.png\",\"width\":585,\"height\":400},{\"@type\":\"BreadcrumbList\",\"@id\":\"https:\\\/\\\/pascal-kapp.de\\\/rallye-ausstatter\\\/produkt\\\/roadbook\\\/#breadcrumb\",\"itemListElement\":[{\"@type\":\"ListItem\",\"position\":1,\"name\":\"Startseite\",\"item\":\"https:\\\/\\\/pascal-kapp.de\\\/rallye-ausstatter\\\/\"},{\"@type\":\"ListItem\",\"position\":2,\"name\":\"Shop\",\"item\":\"https:\\\/\\\/pascal-kapp.de\\\/rallye-ausstatter\\\/shop-2\\\/\"},{\"@type\":\"ListItem\",\"position\":3,\"name\":\"Roadbook\"}]},{\"@type\":\"WebSite\",\"@id\":\"https:\\\/\\\/pascal-kapp.de\\\/rallye-ausstatter\\\/#website\",\"url\":\"https:\\\/\\\/pascal-kapp.de\\\/rallye-ausstatter\\\/\",\"name\":\"Rallye-Ausstatter\",\"description\":\"\",\"publisher\":{\"@id\":\"https:\\\/\\\/pascal-kapp.de\\\/rallye-ausstatter\\\/#organization\"},\"potentialAction\":[{\"@type\":\"SearchAction\",\"target\":{\"@type\":\"EntryPoint\",\"urlTemplate\":\"https:\\\/\\\/pascal-kapp.de\\\/rallye-ausstatter\\\/?s={search_term_string}\"},\"query-input\":{\"@type\":\"PropertyValueSpecification\",\"valueRequired\":true,\"valueName\":\"search_term_string\"}}],\"inLanguage\":\"de\"},{\"@type\":\"Organization\",\"@id\":\"https:\\\/\\\/pascal-kapp.de\\\/rallye-ausstatter\\\/#organization\",\"name\":\"Rallye-Ausstatter\",\"url\":\"https:\\\/\\\/pascal-kapp.de\\\/rallye-ausstatter\\\/\",\"logo\":{\"@type\":\"ImageObject\",\"inLanguage\":\"de\",\"@id\":\"https:\\\/\\\/pascal-kapp.de\\\/rallye-ausstatter\\\/#\\\/schema\\\/logo\\\/image\\\/\",\"url\":\"https:\\\/\\\/pascal-kapp.de\\\/rallye-ausstatter\\\/wp-content\\\/uploads\\\/2024\\\/03\\\/logo_mail_abbinder.png\",\"contentUrl\":\"https:\\\/\\\/pascal-kapp.de\\\/rallye-ausstatter\\\/wp-content\\\/uploads\\\/2024\\\/03\\\/logo_mail_abbinder.png\",\"width\":369,\"height\":85,\"caption\":\"Rallye-Ausstatter\"},\"image\":{\"@id\":\"https:\\\/\\\/pascal-kapp.de\\\/rallye-ausstatter\\\/#\\\/schema\\\/logo\\\/image\\\/\"}}]}<\/script>\n<!-- \/ Yoast SEO plugin. -->","yoast_head_json":{"title":"Roadbook - Rallye-Ausstatter","robots":{"index":"noindex","follow":"follow","max-snippet":"max-snippet:-1","max-image-preview":"max-image-preview:large","max-video-preview":"max-video-preview:-1"},"og_locale":"de_DE","og_type":"article","og_title":"Roadbook - Rallye-Ausstatter","og_description":"Das ist im wahrsten Sinne des Wortes wegweisend: das Roadbook. Grob gesprochen enth\u00e4lt das Roadbook die komplette Strecke der zu bew\u00e4ltigenden Rallye inklusive Kilometer- bzw. Meilen-Angaben, Richtungshinweisen und zu erledigenden Sonderaufgaben bzw. Pr\u00fcfungen \u2013 eine Art analoges Navi.   Format: DIN A4  Material Deckblatt: Klarsichtfolie  Titelblatt: 4\/0-farbig bedruckt  Roadbookseiten: 1\/0-farbig bedruckt  Material R\u00fcckkarton: ledergenarbt schwarz  Bindung: Plastikspiralbindung  Farbe Plastikspirale: schwarz  Papierart: Kopierpapier 80 g\/m\u00b2  Auflage: ab 1 St\u00fcck erh\u00e4ltlich  Wie viel und welche\u00a0Informationen im\u00a0Roadbook stehen h\u00e4ngt zu einem gewissen Grad davon ab, welche Infos der Fahrer w\u00e4hrend der Fahrt \u00fcber die Streckenf\u00fchrung erhalten soll. Um diese genaue Routenbeschreibung in Form eines Roadbook erstellen zu k\u00f6nnen muss die Strecke im Vorfeld mehrmals abgefahren und alle wichtigen Punkte im Streckenplan verzeichnet werden. Mit dieser Aufzeichnung erh\u00e4lt man einen genauen Zeitplan, der bereits w\u00e4hrend der Rallye die M\u00f6glichkeit zur Kontrolle der eigenen Leistung bietet. Ein gutes Roadbook darf bei keiner Oldtimer Rallye, Bergrennen oder einer anderen Rennstrecke fehlen und ist genauso wichtig wie der Fahrer oder das Fahrzeug.  Unsere Leistung Wir besprechen mit Ihnen den groben Streckenverlauf, die gew\u00fcnschten Sonderpr\u00fcfungen und Stationen. Und dann k\u00f6nnen Sie sich entspannt zur\u00fccklehnen, w\u00e4hrend unsere Profis die Strecke abfahren, ausmessen, vermessen, zusammenstellen und zu Papier bringen.  In der Regel enth\u00e4lt das Roadbook folgende Routeninformationen: - Gesamtstrecke (in mls und km) - Kurven - Richtungen - Ortsschilder - sonstige Schilder (Vorfahrt achten, etc.) - sonstige Informationen  Fragen Sie noch heute Ihren PREIS an. Gerne erstellen wir Ihnen ein individuelles Angebot.  Zur\u00fcck","og_url":"https:\/\/pascal-kapp.de\/rallye-ausstatter\/produkt\/roadbook\/","og_site_name":"Rallye-Ausstatter","article_modified_time":"2024-09-04T07:50:59+00:00","og_image":[{"width":585,"height":400,"url":"https:\/\/pascal-kapp.de\/rallye-ausstatter\/wp-content\/uploads\/2024\/04\/10-s-23_585x400.png","type":"image\/png"}],"twitter_card":"summary_large_image","twitter_misc":{"Gesch\u00e4tzte Lesezeit":"2\u00a0Minuten"},"schema":{"@context":"https:\/\/schema.org","@graph":[{"@type":"WebPage","@id":"https:\/\/pascal-kapp.de\/rallye-ausstatter\/produkt\/roadbook\/","url":"https:\/\/pascal-kapp.de\/rallye-ausstatter\/produkt\/roadbook\/","name":"Roadbook - Rallye-Ausstatter","isPartOf":{"@id":"https:\/\/pascal-kapp.de\/rallye-ausstatter\/#website"},"primaryImageOfPage":{"@id":"https:\/\/pascal-kapp.de\/rallye-ausstatter\/produkt\/roadbook\/#primaryimage"},"image":{"@id":"https:\/\/pascal-kapp.de\/rallye-ausstatter\/produkt\/roadbook\/#primaryimage"},"thumbnailUrl":"https:\/\/pascal-kapp.de\/rallye-ausstatter\/wp-content\/uploads\/2024\/04\/10-s-23_585x400.png","datePublished":"2024-03-14T16:24:16+00:00","dateModified":"2024-09-04T07:50:59+00:00","breadcrumb":{"@id":"https:\/\/pascal-kapp.de\/rallye-ausstatter\/produkt\/roadbook\/#breadcrumb"},"inLanguage":"de","potentialAction":[{"@type":"ReadAction","target":["https:\/\/pascal-kapp.de\/rallye-ausstatter\/produkt\/roadbook\/"]}]},{"@type":"ImageObject","inLanguage":"de","@id":"https:\/\/pascal-kapp.de\/rallye-ausstatter\/produkt\/roadbook\/#primaryimage","url":"https:\/\/pascal-kapp.de\/rallye-ausstatter\/wp-content\/uploads\/2024\/04\/10-s-23_585x400.png","contentUrl":"https:\/\/pascal-kapp.de\/rallye-ausstatter\/wp-content\/uploads\/2024\/04\/10-s-23_585x400.png","width":585,"height":400},{"@type":"BreadcrumbList","@id":"https:\/\/pascal-kapp.de\/rallye-ausstatter\/produkt\/roadbook\/#breadcrumb","itemListElement":[{"@type":"ListItem","position":1,"name":"Startseite","item":"https:\/\/pascal-kapp.de\/rallye-ausstatter\/"},{"@type":"ListItem","position":2,"name":"Shop","item":"https:\/\/pascal-kapp.de\/rallye-ausstatter\/shop-2\/"},{"@type":"ListItem","position":3,"name":"Roadbook"}]},{"@type":"WebSite","@id":"https:\/\/pascal-kapp.de\/rallye-ausstatter\/#website","url":"https:\/\/pascal-kapp.de\/rallye-ausstatter\/","name":"Rallye-Ausstatter","description":"","publisher":{"@id":"https:\/\/pascal-kapp.de\/rallye-ausstatter\/#organization"},"potentialAction":[{"@type":"SearchAction","target":{"@type":"EntryPoint","urlTemplate":"https:\/\/pascal-kapp.de\/rallye-ausstatter\/?s={search_term_string}"},"query-input":{"@type":"PropertyValueSpecification","valueRequired":true,"valueName":"search_term_string"}}],"inLanguage":"de"},{"@type":"Organization","@id":"https:\/\/pascal-kapp.de\/rallye-ausstatter\/#organization","name":"Rallye-Ausstatter","url":"https:\/\/pascal-kapp.de\/rallye-ausstatter\/","logo":{"@type":"ImageObject","inLanguage":"de","@id":"https:\/\/pascal-kapp.de\/rallye-ausstatter\/#\/schema\/logo\/image\/","url":"https:\/\/pascal-kapp.de\/rallye-ausstatter\/wp-content\/uploads\/2024\/03\/logo_mail_abbinder.png","contentUrl":"https:\/\/pascal-kapp.de\/rallye-ausstatter\/wp-content\/uploads\/2024\/03\/logo_mail_abbinder.png","width":369,"height":85,"caption":"Rallye-Ausstatter"},"image":{"@id":"https:\/\/pascal-kapp.de\/rallye-ausstatter\/#\/schema\/logo\/image\/"}}]}},"_links":{"self":[{"href":"https:\/\/pascal-kapp.de\/rallye-ausstatter\/wp-json\/wp\/v2\/product\/162","targetHints":{"allow":["GET"]}}],"collection":[{"href":"https:\/\/pascal-kapp.de\/rallye-ausstatter\/wp-json\/wp\/v2\/product"}],"about":[{"href":"https:\/\/pascal-kapp.de\/rallye-ausstatter\/wp-json\/wp\/v2\/types\/product"}],"wp:featuredmedia":[{"embeddable":true,"href":"https:\/\/pascal-kapp.de\/rallye-ausstatter\/wp-json\/wp\/v2\/media\/1142"}],"wp:attachment":[{"href":"https:\/\/pascal-kapp.de\/rallye-ausstatter\/wp-json\/wp\/v2\/media?parent=162"}],"wp:term":[{"taxonomy":"product_brand","embeddable":true,"href":"https:\/\/pascal-kapp.de\/rallye-ausstatter\/wp-json\/wp\/v2\/product_brand?post=162"},{"taxonomy":"product_cat","embeddable":true,"href":"https:\/\/pascal-kapp.de\/rallye-ausstatter\/wp-json\/wp\/v2\/product_cat?post=162"},{"taxonomy":"product_tag","embeddable":true,"href":"https:\/\/pascal-kapp.de\/rallye-ausstatter\/wp-json\/wp\/v2\/product_tag?post=162"}],"curies":[{"name":"wp","href":"https:\/\/api.w.org\/{rel}","templated":true}]}}