{"id":165,"date":"2024-03-14T16:27:53","date_gmt":"2024-03-14T16:27:53","guid":{"rendered":"https:\/\/pascal-kapp.de\/rallye-ausstatter\/?post_type=product&#038;p=165"},"modified":"2024-09-02T10:47:01","modified_gmt":"2024-09-02T10:47:01","slug":"textilien","status":"publish","type":"product","link":"https:\/\/pascal-kapp.de\/rallye-ausstatter\/produkt\/textilien\/","title":{"rendered":"Textilien"},"content":{"rendered":"<p><a name=\"beschreibung\"><\/a>\u201eKleider machen Leute\u201c hei\u00dft es doch so sch\u00f6n. Das gilt nat\u00fcrlich in verst\u00e4rktem Ma\u00df f\u00fcr Veranstaltungen aller Art (Rallyes, Clubtreffen, Jubil\u00e4ums-Feiern, o. \u00e4.). Da soll selbstverst\u00e4ndlich alles aus einem Guss sein \u2013 auch die Bekleidung. Der Rallye-Ausstatter hilft Ihnen bei der Suche nach stil- und anlassgerechten Bekleidungsst\u00fccken, bei der entsprechend gew\u00fcnschten Veredelung bis zur kompletten Abwicklung (Gr\u00f6\u00dfenabfragen, Handling, etc.).<\/p>\n<ul>\n<li>gro\u00dfe Auswahl an Bekleidungsst\u00fccken: Polo-Shirts, Pulis, Caps, u. v. m.<\/li>\n<li>Veredelung: nach Wunsch (Stick, Aufn\u00e4her, Druck, etc.)<\/li>\n<li>Auflage: ab 1 St\u00fcck erh\u00e4ltlich<\/li>\n<\/ul>\n<p>Unser spezielles Angebot f\u00fcr\u00a0Sie: Sie versorgen uns mit Informationen zum Termin, den Teilnehmern und Ihren Gestaltungsvorstellungen und wir \u00fcbernehmen f\u00fcr Sie &#8211; die Recherche nach geeigneten und stilgerechten Bekleidungsst\u00fccken &#8211; Polos, Pulis, Caps, etc. in einheitlichem Schnitt und passender Farbe &#8211; Veredelung nach Ihren Vorgaben (Stick, Aufn\u00e4her, etc.) &#8211; das komplette Handling (Lagerung, Gr\u00f6\u00dfenabfrage, Versand, etc.) &#8211; auf Wunsch auch mit separater Rechnungsstellung an die Teilnehmer<\/p>\n<p><a href=\"mailto:ausstatter@pascal-kapp.de\">Fragen Sie noch heute Ihren PREIS an.<\/a><br \/>\nGerne erstellen wir Ihnen ein individuelles Angebot.<\/p>\n<p><a href=\"https:\/\/pascal-kapp.de\/rallye-ausstatter\/shop-2\/\">Zur\u00fcck zur Produkt\u00fcbersicht<\/a><\/p>\n","protected":false},"excerpt":{"rendered":"<p>\u201eKleider machen Leute\u201c hei\u00dft es doch so sch\u00f6n. Das gilt nat\u00fcrlich in verst\u00e4rktem Ma\u00df f\u00fcr Veranstaltungen aller Art (Rallyes, Clubtreffen, Jubil\u00e4ums-Feiern, o. \u00e4.). Da soll selbstverst\u00e4ndlich alles aus einem Guss sein \u2013 auch die Bekleidung. Der Rallye-Ausstatter hilft Ihnen bei der Suche nach stil- und anlassgerechten Bekleidungsst\u00fccken, bei der entsprechend gew\u00fcnschten Veredelung bis zur kompletten Abwicklung (Gr\u00f6\u00dfenabfragen, Handling, etc.).<\/p>\n<ul>\n<li>gro\u00dfe Auswahl an Bekleidungsst\u00fccken: Polo-Shirts, Pulis, Caps, u. v. m.<\/li>\n<li>Veredelung: nach Wunsch (Stick, Aufn\u00e4her, Druck, etc.)<\/li>\n<li>Auflage: ab 1 St\u00fcck erh\u00e4ltlich<\/li>\n<\/ul>\n<p>Unser spezielles Angebot f\u00fcr\u00a0Sie: Sie versorgen uns mit Informationen zum Termin, den Teilnehmern und Ihren Gestaltungsvorstellungen und wir \u00fcbernehmen f\u00fcr Sie &#8211; die Recherche nach geeigneten und stilgerechten Bekleidungsst\u00fccken &#8211; Polos, Pulis, Caps, etc. in einheitlichem Schnitt und passender Farbe &#8211; Veredelung nach Ihren Vorgaben (Stick, Aufn\u00e4her, etc.) &#8211; das komplette Handling (Lagerung, Gr\u00f6\u00dfenabfrage, Versand, etc.) &#8211; auf Wunsch auch mit separater Rechnungsstellung an die Teilnehmer<\/p>\n<p><a href=\"mailto:ausstatter@pascal-kapp.de\">Fragen Sie noch heute Ihren PREIS an.<\/a><br \/>\nGerne erstellen wir Ihnen ein individuelles Angebot.<\/p>\n<p><a href=\"javascript:history.back()\">Zur\u00fcck<\/a><\/p>\n","protected":false},"featured_media":1454,"template":"","meta":{"site-sidebar-layout":"default","site-content-layout":"","ast-site-content-layout":"default","site-content-style":"default","site-sidebar-style":"default","ast-global-header-display":"","ast-banner-title-visibility":"","ast-main-header-display":"","ast-hfb-above-header-display":"","ast-hfb-below-header-display":"","ast-hfb-mobile-header-display":"","site-post-title":"","ast-breadcrumbs-content":"","ast-featured-img":"","footer-sml-layout":"","theme-transparent-header-meta":"default","adv-header-id-meta":"","stick-header-meta":"","header-above-stick-meta":"","header-main-stick-meta":"","header-below-stick-meta":"","astra-migrate-meta-layouts":"set","ast-page-background-enabled":"default","ast-page-background-meta":{"desktop":{"background-color":"var(--ast-global-color-4)","background-image":"","background-repeat":"repeat","background-position":"center center","background-size":"auto","background-attachment":"scroll","background-type":"","background-media":"","overlay-type":"","overlay-color":"","overlay-opacity":"","overlay-gradient":""},"tablet":{"background-color":"","background-image":"","background-repeat":"repeat","background-position":"center center","background-size":"auto","background-attachment":"scroll","background-type":"","background-media":"","overlay-type":"","overlay-color":"","overlay-opacity":"","overlay-gradient":""},"mobile":{"background-color":"","background-image":"","background-repeat":"repeat","background-position":"center center","background-size":"auto","background-attachment":"scroll","background-type":"","background-media":"","overlay-type":"","overlay-color":"","overlay-opacity":"","overlay-gradient":""}},"ast-content-background-meta":{"desktop":{"background-color":"var(--ast-global-color-5)","background-image":"","background-repeat":"repeat","background-position":"center center","background-size":"auto","background-attachment":"scroll","background-type":"","background-media":"","overlay-type":"","overlay-color":"","overlay-opacity":"","overlay-gradient":""},"tablet":{"background-color":"var(--ast-global-color-5)","background-image":"","background-repeat":"repeat","background-position":"center center","background-size":"auto","background-attachment":"scroll","background-type":"","background-media":"","overlay-type":"","overlay-color":"","overlay-opacity":"","overlay-gradient":""},"mobile":{"background-color":"var(--ast-global-color-5)","background-image":"","background-repeat":"repeat","background-position":"center center","background-size":"auto","background-attachment":"scroll","background-type":"","background-media":"","overlay-type":"","overlay-color":"","overlay-opacity":"","overlay-gradient":""}}},"product_brand":[],"product_cat":[19,48],"product_tag":[],"class_list":{"0":"post-165","1":"product","2":"type-product","3":"status-publish","4":"has-post-thumbnail","6":"product_cat-produkte","7":"product_cat-textilien","8":"desktop-align-left","9":"tablet-align-left","10":"mobile-align-left","12":"first","13":"instock","14":"shipping-taxable","15":"product-type-simple"},"yoast_head":"<!-- This site is optimized with the Yoast SEO plugin v27.6 - https:\/\/yoast.com\/product\/yoast-seo-wordpress\/ -->\n<title>Textilien - Rallye-Ausstatter<\/title>\n<meta name=\"robots\" content=\"noindex, follow, max-snippet:-1, max-image-preview:large, max-video-preview:-1\" \/>\n<meta property=\"og:locale\" content=\"de_DE\" \/>\n<meta property=\"og:type\" content=\"article\" \/>\n<meta property=\"og:title\" content=\"Textilien - Rallye-Ausstatter\" \/>\n<meta property=\"og:description\" content=\"\u201eKleider machen Leute\u201c hei\u00dft es doch so sch\u00f6n. Das gilt nat\u00fcrlich in verst\u00e4rktem Ma\u00df f\u00fcr Veranstaltungen aller Art (Rallyes, Clubtreffen, Jubil\u00e4ums-Feiern, o. \u00e4.). Da soll selbstverst\u00e4ndlich alles aus einem Guss sein \u2013 auch die Bekleidung. Der Rallye-Ausstatter hilft Ihnen bei der Suche nach stil- und anlassgerechten Bekleidungsst\u00fccken, bei der entsprechend gew\u00fcnschten Veredelung bis zur kompletten Abwicklung (Gr\u00f6\u00dfenabfragen, Handling, etc.).   gro\u00dfe Auswahl an Bekleidungsst\u00fccken: Polo-Shirts, Pulis, Caps, u. v. m.  Veredelung: nach Wunsch (Stick, Aufn\u00e4her, Druck, etc.)  Auflage: ab 1 St\u00fcck erh\u00e4ltlich  Unser spezielles Angebot f\u00fcr\u00a0Sie: Sie versorgen uns mit Informationen zum Termin, den Teilnehmern und Ihren Gestaltungsvorstellungen und wir \u00fcbernehmen f\u00fcr Sie - die Recherche nach geeigneten und stilgerechten Bekleidungsst\u00fccken - Polos, Pulis, Caps, etc. in einheitlichem Schnitt und passender Farbe - Veredelung nach Ihren Vorgaben (Stick, Aufn\u00e4her, etc.) - das komplette Handling (Lagerung, Gr\u00f6\u00dfenabfrage, Versand, etc.) - auf Wunsch auch mit separater Rechnungsstellung an die Teilnehmer  Fragen Sie noch heute Ihren PREIS an. Gerne erstellen wir Ihnen ein individuelles Angebot.  Zur\u00fcck\" \/>\n<meta property=\"og:url\" content=\"https:\/\/pascal-kapp.de\/rallye-ausstatter\/produkt\/textilien\/\" \/>\n<meta property=\"og:site_name\" content=\"Rallye-Ausstatter\" \/>\n<meta property=\"article:modified_time\" content=\"2024-09-02T10:47:01+00:00\" \/>\n<meta property=\"og:image\" content=\"https:\/\/pascal-kapp.de\/rallye-ausstatter\/wp-content\/uploads\/2024\/03\/smc_24_600x790.jpg\" \/>\n\t<meta property=\"og:image:width\" content=\"600\" \/>\n\t<meta property=\"og:image:height\" content=\"790\" \/>\n\t<meta property=\"og:image:type\" content=\"image\/jpeg\" \/>\n<meta name=\"twitter:card\" content=\"summary_large_image\" \/>\n<meta name=\"twitter:label1\" content=\"Gesch\u00e4tzte Lesezeit\" \/>\n\t<meta name=\"twitter:data1\" content=\"2\u00a0Minuten\" \/>\n<script type=\"application\/ld+json\" class=\"yoast-schema-graph\">{\"@context\":\"https:\\\/\\\/schema.org\",\"@graph\":[{\"@type\":\"WebPage\",\"@id\":\"https:\\\/\\\/pascal-kapp.de\\\/rallye-ausstatter\\\/produkt\\\/textilien\\\/\",\"url\":\"https:\\\/\\\/pascal-kapp.de\\\/rallye-ausstatter\\\/produkt\\\/textilien\\\/\",\"name\":\"Textilien - Rallye-Ausstatter\",\"isPartOf\":{\"@id\":\"https:\\\/\\\/pascal-kapp.de\\\/rallye-ausstatter\\\/#website\"},\"primaryImageOfPage\":{\"@id\":\"https:\\\/\\\/pascal-kapp.de\\\/rallye-ausstatter\\\/produkt\\\/textilien\\\/#primaryimage\"},\"image\":{\"@id\":\"https:\\\/\\\/pascal-kapp.de\\\/rallye-ausstatter\\\/produkt\\\/textilien\\\/#primaryimage\"},\"thumbnailUrl\":\"https:\\\/\\\/pascal-kapp.de\\\/rallye-ausstatter\\\/wp-content\\\/uploads\\\/2024\\\/03\\\/smc_24_600x790.jpg\",\"datePublished\":\"2024-03-14T16:27:53+00:00\",\"dateModified\":\"2024-09-02T10:47:01+00:00\",\"breadcrumb\":{\"@id\":\"https:\\\/\\\/pascal-kapp.de\\\/rallye-ausstatter\\\/produkt\\\/textilien\\\/#breadcrumb\"},\"inLanguage\":\"de\",\"potentialAction\":[{\"@type\":\"ReadAction\",\"target\":[\"https:\\\/\\\/pascal-kapp.de\\\/rallye-ausstatter\\\/produkt\\\/textilien\\\/\"]}]},{\"@type\":\"ImageObject\",\"inLanguage\":\"de\",\"@id\":\"https:\\\/\\\/pascal-kapp.de\\\/rallye-ausstatter\\\/produkt\\\/textilien\\\/#primaryimage\",\"url\":\"https:\\\/\\\/pascal-kapp.de\\\/rallye-ausstatter\\\/wp-content\\\/uploads\\\/2024\\\/03\\\/smc_24_600x790.jpg\",\"contentUrl\":\"https:\\\/\\\/pascal-kapp.de\\\/rallye-ausstatter\\\/wp-content\\\/uploads\\\/2024\\\/03\\\/smc_24_600x790.jpg\",\"width\":600,\"height\":790},{\"@type\":\"BreadcrumbList\",\"@id\":\"https:\\\/\\\/pascal-kapp.de\\\/rallye-ausstatter\\\/produkt\\\/textilien\\\/#breadcrumb\",\"itemListElement\":[{\"@type\":\"ListItem\",\"position\":1,\"name\":\"Startseite\",\"item\":\"https:\\\/\\\/pascal-kapp.de\\\/rallye-ausstatter\\\/\"},{\"@type\":\"ListItem\",\"position\":2,\"name\":\"Shop\",\"item\":\"https:\\\/\\\/pascal-kapp.de\\\/rallye-ausstatter\\\/shop-2\\\/\"},{\"@type\":\"ListItem\",\"position\":3,\"name\":\"Textilien\"}]},{\"@type\":\"WebSite\",\"@id\":\"https:\\\/\\\/pascal-kapp.de\\\/rallye-ausstatter\\\/#website\",\"url\":\"https:\\\/\\\/pascal-kapp.de\\\/rallye-ausstatter\\\/\",\"name\":\"Rallye-Ausstatter\",\"description\":\"\",\"publisher\":{\"@id\":\"https:\\\/\\\/pascal-kapp.de\\\/rallye-ausstatter\\\/#organization\"},\"potentialAction\":[{\"@type\":\"SearchAction\",\"target\":{\"@type\":\"EntryPoint\",\"urlTemplate\":\"https:\\\/\\\/pascal-kapp.de\\\/rallye-ausstatter\\\/?s={search_term_string}\"},\"query-input\":{\"@type\":\"PropertyValueSpecification\",\"valueRequired\":true,\"valueName\":\"search_term_string\"}}],\"inLanguage\":\"de\"},{\"@type\":\"Organization\",\"@id\":\"https:\\\/\\\/pascal-kapp.de\\\/rallye-ausstatter\\\/#organization\",\"name\":\"Rallye-Ausstatter\",\"url\":\"https:\\\/\\\/pascal-kapp.de\\\/rallye-ausstatter\\\/\",\"logo\":{\"@type\":\"ImageObject\",\"inLanguage\":\"de\",\"@id\":\"https:\\\/\\\/pascal-kapp.de\\\/rallye-ausstatter\\\/#\\\/schema\\\/logo\\\/image\\\/\",\"url\":\"https:\\\/\\\/pascal-kapp.de\\\/rallye-ausstatter\\\/wp-content\\\/uploads\\\/2024\\\/03\\\/logo_mail_abbinder.png\",\"contentUrl\":\"https:\\\/\\\/pascal-kapp.de\\\/rallye-ausstatter\\\/wp-content\\\/uploads\\\/2024\\\/03\\\/logo_mail_abbinder.png\",\"width\":369,\"height\":85,\"caption\":\"Rallye-Ausstatter\"},\"image\":{\"@id\":\"https:\\\/\\\/pascal-kapp.de\\\/rallye-ausstatter\\\/#\\\/schema\\\/logo\\\/image\\\/\"}}]}<\/script>\n<!-- \/ Yoast SEO plugin. -->","yoast_head_json":{"title":"Textilien - Rallye-Ausstatter","robots":{"index":"noindex","follow":"follow","max-snippet":"max-snippet:-1","max-image-preview":"max-image-preview:large","max-video-preview":"max-video-preview:-1"},"og_locale":"de_DE","og_type":"article","og_title":"Textilien - Rallye-Ausstatter","og_description":"\u201eKleider machen Leute\u201c hei\u00dft es doch so sch\u00f6n. Das gilt nat\u00fcrlich in verst\u00e4rktem Ma\u00df f\u00fcr Veranstaltungen aller Art (Rallyes, Clubtreffen, Jubil\u00e4ums-Feiern, o. \u00e4.). Da soll selbstverst\u00e4ndlich alles aus einem Guss sein \u2013 auch die Bekleidung. Der Rallye-Ausstatter hilft Ihnen bei der Suche nach stil- und anlassgerechten Bekleidungsst\u00fccken, bei der entsprechend gew\u00fcnschten Veredelung bis zur kompletten Abwicklung (Gr\u00f6\u00dfenabfragen, Handling, etc.).   gro\u00dfe Auswahl an Bekleidungsst\u00fccken: Polo-Shirts, Pulis, Caps, u. v. m.  Veredelung: nach Wunsch (Stick, Aufn\u00e4her, Druck, etc.)  Auflage: ab 1 St\u00fcck erh\u00e4ltlich  Unser spezielles Angebot f\u00fcr\u00a0Sie: Sie versorgen uns mit Informationen zum Termin, den Teilnehmern und Ihren Gestaltungsvorstellungen und wir \u00fcbernehmen f\u00fcr Sie - die Recherche nach geeigneten und stilgerechten Bekleidungsst\u00fccken - Polos, Pulis, Caps, etc. in einheitlichem Schnitt und passender Farbe - Veredelung nach Ihren Vorgaben (Stick, Aufn\u00e4her, etc.) - das komplette Handling (Lagerung, Gr\u00f6\u00dfenabfrage, Versand, etc.) - auf Wunsch auch mit separater Rechnungsstellung an die Teilnehmer  Fragen Sie noch heute Ihren PREIS an. Gerne erstellen wir Ihnen ein individuelles Angebot.  Zur\u00fcck","og_url":"https:\/\/pascal-kapp.de\/rallye-ausstatter\/produkt\/textilien\/","og_site_name":"Rallye-Ausstatter","article_modified_time":"2024-09-02T10:47:01+00:00","og_image":[{"width":600,"height":790,"url":"https:\/\/pascal-kapp.de\/rallye-ausstatter\/wp-content\/uploads\/2024\/03\/smc_24_600x790.jpg","type":"image\/jpeg"}],"twitter_card":"summary_large_image","twitter_misc":{"Gesch\u00e4tzte Lesezeit":"2\u00a0Minuten"},"schema":{"@context":"https:\/\/schema.org","@graph":[{"@type":"WebPage","@id":"https:\/\/pascal-kapp.de\/rallye-ausstatter\/produkt\/textilien\/","url":"https:\/\/pascal-kapp.de\/rallye-ausstatter\/produkt\/textilien\/","name":"Textilien - Rallye-Ausstatter","isPartOf":{"@id":"https:\/\/pascal-kapp.de\/rallye-ausstatter\/#website"},"primaryImageOfPage":{"@id":"https:\/\/pascal-kapp.de\/rallye-ausstatter\/produkt\/textilien\/#primaryimage"},"image":{"@id":"https:\/\/pascal-kapp.de\/rallye-ausstatter\/produkt\/textilien\/#primaryimage"},"thumbnailUrl":"https:\/\/pascal-kapp.de\/rallye-ausstatter\/wp-content\/uploads\/2024\/03\/smc_24_600x790.jpg","datePublished":"2024-03-14T16:27:53+00:00","dateModified":"2024-09-02T10:47:01+00:00","breadcrumb":{"@id":"https:\/\/pascal-kapp.de\/rallye-ausstatter\/produkt\/textilien\/#breadcrumb"},"inLanguage":"de","potentialAction":[{"@type":"ReadAction","target":["https:\/\/pascal-kapp.de\/rallye-ausstatter\/produkt\/textilien\/"]}]},{"@type":"ImageObject","inLanguage":"de","@id":"https:\/\/pascal-kapp.de\/rallye-ausstatter\/produkt\/textilien\/#primaryimage","url":"https:\/\/pascal-kapp.de\/rallye-ausstatter\/wp-content\/uploads\/2024\/03\/smc_24_600x790.jpg","contentUrl":"https:\/\/pascal-kapp.de\/rallye-ausstatter\/wp-content\/uploads\/2024\/03\/smc_24_600x790.jpg","width":600,"height":790},{"@type":"BreadcrumbList","@id":"https:\/\/pascal-kapp.de\/rallye-ausstatter\/produkt\/textilien\/#breadcrumb","itemListElement":[{"@type":"ListItem","position":1,"name":"Startseite","item":"https:\/\/pascal-kapp.de\/rallye-ausstatter\/"},{"@type":"ListItem","position":2,"name":"Shop","item":"https:\/\/pascal-kapp.de\/rallye-ausstatter\/shop-2\/"},{"@type":"ListItem","position":3,"name":"Textilien"}]},{"@type":"WebSite","@id":"https:\/\/pascal-kapp.de\/rallye-ausstatter\/#website","url":"https:\/\/pascal-kapp.de\/rallye-ausstatter\/","name":"Rallye-Ausstatter","description":"","publisher":{"@id":"https:\/\/pascal-kapp.de\/rallye-ausstatter\/#organization"},"potentialAction":[{"@type":"SearchAction","target":{"@type":"EntryPoint","urlTemplate":"https:\/\/pascal-kapp.de\/rallye-ausstatter\/?s={search_term_string}"},"query-input":{"@type":"PropertyValueSpecification","valueRequired":true,"valueName":"search_term_string"}}],"inLanguage":"de"},{"@type":"Organization","@id":"https:\/\/pascal-kapp.de\/rallye-ausstatter\/#organization","name":"Rallye-Ausstatter","url":"https:\/\/pascal-kapp.de\/rallye-ausstatter\/","logo":{"@type":"ImageObject","inLanguage":"de","@id":"https:\/\/pascal-kapp.de\/rallye-ausstatter\/#\/schema\/logo\/image\/","url":"https:\/\/pascal-kapp.de\/rallye-ausstatter\/wp-content\/uploads\/2024\/03\/logo_mail_abbinder.png","contentUrl":"https:\/\/pascal-kapp.de\/rallye-ausstatter\/wp-content\/uploads\/2024\/03\/logo_mail_abbinder.png","width":369,"height":85,"caption":"Rallye-Ausstatter"},"image":{"@id":"https:\/\/pascal-kapp.de\/rallye-ausstatter\/#\/schema\/logo\/image\/"}}]}},"_links":{"self":[{"href":"https:\/\/pascal-kapp.de\/rallye-ausstatter\/wp-json\/wp\/v2\/product\/165","targetHints":{"allow":["GET"]}}],"collection":[{"href":"https:\/\/pascal-kapp.de\/rallye-ausstatter\/wp-json\/wp\/v2\/product"}],"about":[{"href":"https:\/\/pascal-kapp.de\/rallye-ausstatter\/wp-json\/wp\/v2\/types\/product"}],"wp:featuredmedia":[{"embeddable":true,"href":"https:\/\/pascal-kapp.de\/rallye-ausstatter\/wp-json\/wp\/v2\/media\/1454"}],"wp:attachment":[{"href":"https:\/\/pascal-kapp.de\/rallye-ausstatter\/wp-json\/wp\/v2\/media?parent=165"}],"wp:term":[{"taxonomy":"product_brand","embeddable":true,"href":"https:\/\/pascal-kapp.de\/rallye-ausstatter\/wp-json\/wp\/v2\/product_brand?post=165"},{"taxonomy":"product_cat","embeddable":true,"href":"https:\/\/pascal-kapp.de\/rallye-ausstatter\/wp-json\/wp\/v2\/product_cat?post=165"},{"taxonomy":"product_tag","embeddable":true,"href":"https:\/\/pascal-kapp.de\/rallye-ausstatter\/wp-json\/wp\/v2\/product_tag?post=165"}],"curies":[{"name":"wp","href":"https:\/\/api.w.org\/{rel}","templated":true}]}}